{"id":6538,"date":"2025-12-16T07:11:50","date_gmt":"2025-12-16T07:11:50","guid":{"rendered":"https:\/\/aeat.com.br\/aeat\/?page_id=6538"},"modified":"2025-12-16T12:27:05","modified_gmt":"2025-12-16T12:27:05","slug":"pousada-e-restaurante-chique-na-roca","status":"publish","type":"page","link":"https:\/\/aeat.com.br\/aeat\/pousada-e-restaurante-chique-na-roca\/","title":{"rendered":"Pousada e Restaurante Chique na Ro\u00e7a"},"content":{"rendered":"<p>A Pousada Chique na Ro\u00e7a est\u00e1 localizada em S\u00e3o Lu\u00eds do Paraitinga SP.<\/p>\n<p><img loading=\"lazy\" decoding=\"async\" class=\"alignleft wp-image-6539 img-responsive img-shadow\" src=\"https:\/\/aeat.com.br\/aeat\/wp-content\/uploads\/2025\/12\/WhatsApp-Image-2025-12-11-at-14.05.44-1024x1024.jpeg\" alt=\"\" width=\"250\" height=\"250\" srcset=\"https:\/\/aeat.com.br\/aeat\/wp-content\/uploads\/2025\/12\/WhatsApp-Image-2025-12-11-at-14.05.44-1024x1024.jpeg 1024w, https:\/\/aeat.com.br\/aeat\/wp-content\/uploads\/2025\/12\/WhatsApp-Image-2025-12-11-at-14.05.44-300x300.jpeg 300w, https:\/\/aeat.com.br\/aeat\/wp-content\/uploads\/2025\/12\/WhatsApp-Image-2025-12-11-at-14.05.44-150x150.jpeg 150w, https:\/\/aeat.com.br\/aeat\/wp-content\/uploads\/2025\/12\/WhatsApp-Image-2025-12-11-at-14.05.44-768x768.jpeg 768w, https:\/\/aeat.com.br\/aeat\/wp-content\/uploads\/2025\/12\/WhatsApp-Image-2025-12-11-at-14.05.44.jpeg 1440w\" sizes=\"(max-width: 250px) 100vw, 250px\" \/><\/p>\n<p>Aqui, voc\u00ea encontra o ref\u00fagio perfeito para recarregar suas energias e se reconectar com quem mais importa: sua FAM\u00cdLIA!<\/p>\n<p>Com uma atmosfera tranquila e cercado pela natureza, pais e filhos podem curtir juntos as piscinas, explorar a trilha ecol\u00f3gica, passear a cavalo e conhecer os animais, Mini golfe, futebol, v\u00f4lei, basquete e muito mais!! O estresse fica de lado, e o tempo de qualidade com quem voc\u00ea ama \u00e9 prioridade!<\/p>\n<p>100% Pet Friendly<\/p>\n<p>N\u00e3o perca esta oportunidade de viver momentos inesquec\u00edveis com sua fam\u00edlia!<\/p>\n<p>FALE CONOSCO E FA\u00c7A SEU OR\u00c7AMENTO | WHATSAPP (12) 9 9130 7715<\/p>\n<h4><span style=\"color: #999999;\">.<\/span><\/h4>\n<p><span style=\"color: #999999;\">.<\/span><\/p>\n<h4 style=\"text-align: left;\"><strong>Condi\u00e7\u00f5es especiais para associados AEAT:\u00a0<\/strong><\/h4>\n<p class=\"Y3BBE\" style=\"text-align: left;\" data-hveid=\"CAEIAhAA\" data-complete=\"true\" data-processed=\"true\"><strong class=\"Yjhzub\" data-complete=\"true\" data-processed=\"true\">Descontos nas di\u00e1rias:<\/strong><\/p>\n<ul class=\"KsbFXc U6u95\" style=\"text-align: left;\" data-complete=\"true\" data-processed=\"true\">\n<li data-hveid=\"CAEIAxAA\" data-complete=\"true\" data-sae=\"\"><span class=\"T286Pc\" data-sfc-cp=\"\" data-complete=\"true\">15% de desconto para hospedagens de duas di\u00e1rias;<\/span><\/li>\n<li data-hveid=\"CAEIAxAB\" data-complete=\"true\" data-sae=\"\"><span class=\"T286Pc\" data-sfc-cp=\"\" data-complete=\"true\">20% de desconto para hospedagens de tr\u00eas di\u00e1rias ou mais;<\/span><\/li>\n<li data-hveid=\"CAEIAxAC\" data-complete=\"true\" data-sae=\"\"><span class=\"T286Pc\" data-sfc-cp=\"\" data-complete=\"true\">Mais 5% de desconto para pagamento antecipado de 50%, via PIX, e os 50% restantes, no check-in, em at\u00e9 6x no cart\u00e3o.<\/span><button class=\"rBl3me\" tabindex=\"0\" data-amic=\"true\" data-icl-uuid=\"54245100-5d52-4786-b739-f84c2d5a6169\" aria-label=\"Mostrar links relacionados\" data-wiz-attrbind=\"disabled=H21Mtc_v\/C5gNJc;class=H21Mtc_v\/UpSNec;\" data-ved=\"2ahUKEwjI6ZfUisKRAxXVnpUCHRaQDxcQye0OegYIAQgDEAM\"><\/button><\/li>\n<\/ul>\n<p class=\"Y3BBE\" style=\"text-align: left;\" data-hveid=\"CAEIBBAA\" data-complete=\"true\" data-processed=\"true\"><strong class=\"Yjhzub\" data-complete=\"true\" data-processed=\"true\">Cortesia:<\/strong><\/p>\n<ul class=\"KsbFXc U6u95\" style=\"text-align: left;\" data-complete=\"true\" data-processed=\"true\">\n<li data-hveid=\"CAEIBRAA\" data-complete=\"true\" data-sae=\"\"><span class=\"T286Pc\" data-sfc-cp=\"\" data-complete=\"true\">Crian\u00e7as de at\u00e9\u00a0<strong class=\"Yjhzub\" data-complete=\"true\">5 anos<\/strong> por apartamento;<\/span><\/li>\n<\/ul>\n<p class=\"Y3BBE\" style=\"text-align: left;\" data-hveid=\"CAEIBhAA\" data-processed=\"true\" data-complete=\"true\"><strong class=\"Yjhzub\" data-complete=\"true\" data-processed=\"true\">Observa\u00e7\u00e3o:<\/strong>\u00a0Os descontos n\u00e3o se aplicam em pacotes de feriados prolongados.<button class=\"rBl3me\" tabindex=\"0\" data-amic=\"true\" data-icl-uuid=\"bbe39efe-8714-49df-b936-bc42f3d05584\" aria-label=\"Mostrar links relacionados\" data-wiz-attrbind=\"disabled=H21Mtc_1c\/C5gNJc;class=H21Mtc_1c\/UpSNec;\" data-ved=\"2ahUKEwjI6ZfUisKRAxXVnpUCHRaQDxcQye0OegYIAQgGEAE\"><\/button><\/p>\n<div class=\"Fsg96\" style=\"text-align: left;\" data-sfc-cp=\"\" data-complete=\"true\" data-processed=\"true\"><\/div>\n<hr class=\"j3tEEe\" data-serialized-params=\"[]\" data-processed=\"true\" data-sae=\"\" data-complete=\"true\" \/>\n","protected":false},"excerpt":{"rendered":"<p>A Pousada Chique na Ro\u00e7a est\u00e1 localizada em S\u00e3o Lu\u00eds do Paraitinga SP.<\/p>\n<p>Aqui, voc\u00ea encontra o ref\u00fagio perfeito para recarregar &#8230;<\/p>\n","protected":false},"author":2,"featured_media":0,"parent":0,"menu_order":0,"comment_status":"closed","ping_status":"closed","template":"","meta":{"_acf_changed":false,"footnotes":""},"acf":[],"yoast_head":"<!-- This site is optimized with the Yoast SEO plugin v23.1 - https:\/\/yoast.com\/wordpress\/plugins\/seo\/ -->\n<title>Pousada e Restaurante Chique na Ro\u00e7a - AEAT<\/title>\n<meta name=\"robots\" content=\"index, follow, max-snippet:-1, max-image-preview:large, max-video-preview:-1\" \/>\n<link rel=\"canonical\" href=\"https:\/\/aeat.com.br\/aeat\/pousada-e-restaurante-chique-na-roca\/\" \/>\n<meta property=\"og:locale\" content=\"pt_BR\" \/>\n<meta property=\"og:type\" content=\"article\" \/>\n<meta property=\"og:title\" content=\"Pousada e Restaurante Chique na Ro\u00e7a - AEAT\" \/>\n<meta property=\"og:description\" content=\"A Pousada Chique na Ro\u00e7a est\u00e1 localizada em S\u00e3o Lu\u00eds do Paraitinga SP. Aqui, voc\u00ea encontra o ref\u00fagio perfeito para recarregar ...\" \/>\n<meta property=\"og:url\" content=\"https:\/\/aeat.com.br\/aeat\/pousada-e-restaurante-chique-na-roca\/\" \/>\n<meta property=\"og:site_name\" content=\"AEAT\" \/>\n<meta property=\"article:publisher\" content=\"https:\/\/www.facebook.com\/Associa%c3%a7%c3%a3o-dos-Engenheiros-e-Arquitetos-de-Taubat%c3%a9-AEAT-620651287980989\/\" \/>\n<meta property=\"article:modified_time\" content=\"2025-12-16T12:27:05+00:00\" \/>\n<meta property=\"og:image\" content=\"https:\/\/aeat.com.br\/aeat\/wp-content\/uploads\/2025\/12\/WhatsApp-Image-2025-12-11-at-14.05.44-1024x1024.jpeg\" \/>\n<meta name=\"twitter:card\" content=\"summary_large_image\" \/>\n<meta name=\"twitter:label1\" content=\"Est. tempo de leitura\" \/>\n\t<meta name=\"twitter:data1\" content=\"2 minutos\" \/>\n<script type=\"application\/ld+json\" class=\"yoast-schema-graph\">{\"@context\":\"https:\/\/schema.org\",\"@graph\":[{\"@type\":\"WebPage\",\"@id\":\"https:\/\/aeat.com.br\/aeat\/pousada-e-restaurante-chique-na-roca\/\",\"url\":\"https:\/\/aeat.com.br\/aeat\/pousada-e-restaurante-chique-na-roca\/\",\"name\":\"Pousada e Restaurante Chique na Ro\u00e7a - AEAT\",\"isPartOf\":{\"@id\":\"https:\/\/aeat.com.br\/aeat\/#website\"},\"primaryImageOfPage\":{\"@id\":\"https:\/\/aeat.com.br\/aeat\/pousada-e-restaurante-chique-na-roca\/#primaryimage\"},\"image\":{\"@id\":\"https:\/\/aeat.com.br\/aeat\/pousada-e-restaurante-chique-na-roca\/#primaryimage\"},\"thumbnailUrl\":\"https:\/\/aeat.com.br\/aeat\/wp-content\/uploads\/2025\/12\/WhatsApp-Image-2025-12-11-at-14.05.44-1024x1024.jpeg\",\"datePublished\":\"2025-12-16T07:11:50+00:00\",\"dateModified\":\"2025-12-16T12:27:05+00:00\",\"breadcrumb\":{\"@id\":\"https:\/\/aeat.com.br\/aeat\/pousada-e-restaurante-chique-na-roca\/#breadcrumb\"},\"inLanguage\":\"pt-BR\",\"potentialAction\":[{\"@type\":\"ReadAction\",\"target\":[\"https:\/\/aeat.com.br\/aeat\/pousada-e-restaurante-chique-na-roca\/\"]}]},{\"@type\":\"ImageObject\",\"inLanguage\":\"pt-BR\",\"@id\":\"https:\/\/aeat.com.br\/aeat\/pousada-e-restaurante-chique-na-roca\/#primaryimage\",\"url\":\"https:\/\/aeat.com.br\/aeat\/wp-content\/uploads\/2025\/12\/WhatsApp-Image-2025-12-11-at-14.05.44.jpeg\",\"contentUrl\":\"https:\/\/aeat.com.br\/aeat\/wp-content\/uploads\/2025\/12\/WhatsApp-Image-2025-12-11-at-14.05.44.jpeg\",\"width\":1440,\"height\":1440},{\"@type\":\"BreadcrumbList\",\"@id\":\"https:\/\/aeat.com.br\/aeat\/pousada-e-restaurante-chique-na-roca\/#breadcrumb\",\"itemListElement\":[{\"@type\":\"ListItem\",\"position\":1,\"name\":\"Home\",\"item\":\"https:\/\/aeat.com.br\/aeat\/\"},{\"@type\":\"ListItem\",\"position\":2,\"name\":\"Pousada e Restaurante Chique na Ro\u00e7a\"}]},{\"@type\":\"WebSite\",\"@id\":\"https:\/\/aeat.com.br\/aeat\/#website\",\"url\":\"https:\/\/aeat.com.br\/aeat\/\",\"name\":\"AEAT\",\"description\":\"Associa\u00e7\u00e3o dos Engenheiros e Arquitetos de Taubat\u00e9\",\"potentialAction\":[{\"@type\":\"SearchAction\",\"target\":{\"@type\":\"EntryPoint\",\"urlTemplate\":\"https:\/\/aeat.com.br\/aeat\/?s={search_term_string}\"},\"query-input\":\"required name=search_term_string\"}],\"inLanguage\":\"pt-BR\"}]}<\/script>\n<!-- \/ Yoast SEO plugin. -->","yoast_head_json":{"title":"Pousada e Restaurante Chique na Ro\u00e7a - AEAT","robots":{"index":"index","follow":"follow","max-snippet":"max-snippet:-1","max-image-preview":"max-image-preview:large","max-video-preview":"max-video-preview:-1"},"canonical":"https:\/\/aeat.com.br\/aeat\/pousada-e-restaurante-chique-na-roca\/","og_locale":"pt_BR","og_type":"article","og_title":"Pousada e Restaurante Chique na Ro\u00e7a - AEAT","og_description":"A Pousada Chique na Ro\u00e7a est\u00e1 localizada em S\u00e3o Lu\u00eds do Paraitinga SP. Aqui, voc\u00ea encontra o ref\u00fagio perfeito para recarregar ...","og_url":"https:\/\/aeat.com.br\/aeat\/pousada-e-restaurante-chique-na-roca\/","og_site_name":"AEAT","article_publisher":"https:\/\/www.facebook.com\/Associa%c3%a7%c3%a3o-dos-Engenheiros-e-Arquitetos-de-Taubat%c3%a9-AEAT-620651287980989\/","article_modified_time":"2025-12-16T12:27:05+00:00","og_image":[{"url":"https:\/\/aeat.com.br\/aeat\/wp-content\/uploads\/2025\/12\/WhatsApp-Image-2025-12-11-at-14.05.44-1024x1024.jpeg"}],"twitter_card":"summary_large_image","twitter_misc":{"Est. tempo de leitura":"2 minutos"},"schema":{"@context":"https:\/\/schema.org","@graph":[{"@type":"WebPage","@id":"https:\/\/aeat.com.br\/aeat\/pousada-e-restaurante-chique-na-roca\/","url":"https:\/\/aeat.com.br\/aeat\/pousada-e-restaurante-chique-na-roca\/","name":"Pousada e Restaurante Chique na Ro\u00e7a - AEAT","isPartOf":{"@id":"https:\/\/aeat.com.br\/aeat\/#website"},"primaryImageOfPage":{"@id":"https:\/\/aeat.com.br\/aeat\/pousada-e-restaurante-chique-na-roca\/#primaryimage"},"image":{"@id":"https:\/\/aeat.com.br\/aeat\/pousada-e-restaurante-chique-na-roca\/#primaryimage"},"thumbnailUrl":"https:\/\/aeat.com.br\/aeat\/wp-content\/uploads\/2025\/12\/WhatsApp-Image-2025-12-11-at-14.05.44-1024x1024.jpeg","datePublished":"2025-12-16T07:11:50+00:00","dateModified":"2025-12-16T12:27:05+00:00","breadcrumb":{"@id":"https:\/\/aeat.com.br\/aeat\/pousada-e-restaurante-chique-na-roca\/#breadcrumb"},"inLanguage":"pt-BR","potentialAction":[{"@type":"ReadAction","target":["https:\/\/aeat.com.br\/aeat\/pousada-e-restaurante-chique-na-roca\/"]}]},{"@type":"ImageObject","inLanguage":"pt-BR","@id":"https:\/\/aeat.com.br\/aeat\/pousada-e-restaurante-chique-na-roca\/#primaryimage","url":"https:\/\/aeat.com.br\/aeat\/wp-content\/uploads\/2025\/12\/WhatsApp-Image-2025-12-11-at-14.05.44.jpeg","contentUrl":"https:\/\/aeat.com.br\/aeat\/wp-content\/uploads\/2025\/12\/WhatsApp-Image-2025-12-11-at-14.05.44.jpeg","width":1440,"height":1440},{"@type":"BreadcrumbList","@id":"https:\/\/aeat.com.br\/aeat\/pousada-e-restaurante-chique-na-roca\/#breadcrumb","itemListElement":[{"@type":"ListItem","position":1,"name":"Home","item":"https:\/\/aeat.com.br\/aeat\/"},{"@type":"ListItem","position":2,"name":"Pousada e Restaurante Chique na Ro\u00e7a"}]},{"@type":"WebSite","@id":"https:\/\/aeat.com.br\/aeat\/#website","url":"https:\/\/aeat.com.br\/aeat\/","name":"AEAT","description":"Associa\u00e7\u00e3o dos Engenheiros e Arquitetos de Taubat\u00e9","potentialAction":[{"@type":"SearchAction","target":{"@type":"EntryPoint","urlTemplate":"https:\/\/aeat.com.br\/aeat\/?s={search_term_string}"},"query-input":"required name=search_term_string"}],"inLanguage":"pt-BR"}]}},"_links":{"self":[{"href":"https:\/\/aeat.com.br\/aeat\/wp-json\/wp\/v2\/pages\/6538"}],"collection":[{"href":"https:\/\/aeat.com.br\/aeat\/wp-json\/wp\/v2\/pages"}],"about":[{"href":"https:\/\/aeat.com.br\/aeat\/wp-json\/wp\/v2\/types\/page"}],"author":[{"embeddable":true,"href":"https:\/\/aeat.com.br\/aeat\/wp-json\/wp\/v2\/users\/2"}],"replies":[{"embeddable":true,"href":"https:\/\/aeat.com.br\/aeat\/wp-json\/wp\/v2\/comments?post=6538"}],"version-history":[{"count":6,"href":"https:\/\/aeat.com.br\/aeat\/wp-json\/wp\/v2\/pages\/6538\/revisions"}],"predecessor-version":[{"id":6545,"href":"https:\/\/aeat.com.br\/aeat\/wp-json\/wp\/v2\/pages\/6538\/revisions\/6545"}],"wp:attachment":[{"href":"https:\/\/aeat.com.br\/aeat\/wp-json\/wp\/v2\/media?parent=6538"}],"curies":[{"name":"wp","href":"https:\/\/api.w.org\/{rel}","templated":true}]}}